{"id":18,"date":"2021-04-05T14:05:14","date_gmt":"2021-04-05T14:05:14","guid":{"rendered":"http:\/\/nachleben.net\/?page_id=18"},"modified":"2021-04-12T09:11:18","modified_gmt":"2021-04-12T09:11:18","slug":"transfer","status":"publish","type":"page","link":"https:\/\/nachleben.net\/?page_id=18","title":{"rendered":"Transfer"},"content":{"rendered":"\t\t<div data-elementor-type=\"wp-page\" data-elementor-id=\"18\" class=\"elementor elementor-18\" data-elementor-settings=\"[]\">\n\t\t\t\t\t\t\t<div class=\"elementor-section-wrap\">\n\t\t\t\t\t\t\t<section class=\"elementor-section elementor-top-section elementor-element elementor-element-1118870 elementor-section-boxed elementor-section-height-default elementor-section-height-default\" data-id=\"1118870\" data-element_type=\"section\">\n\t\t\t\t\t\t<div class=\"elementor-container elementor-column-gap-default\">\n\t\t\t\t\t<div class=\"elementor-column elementor-col-100 elementor-top-column elementor-element elementor-element-f147fae\" data-id=\"f147fae\" data-element_type=\"column\">\n\t\t\t<div class=\"elementor-widget-wrap elementor-element-populated\">\n\t\t\t\t\t\t\t\t<div class=\"elementor-element elementor-element-6ab39ff elementor-widget elementor-widget-text-editor\" data-id=\"6ab39ff\" data-element_type=\"widget\" data-widget_type=\"text-editor.default\">\n\t\t\t\t<div class=\"elementor-widget-container\">\n\t\t\t\t\t<div class=\"elementor-text-editor elementor-clearfix\"><p><span style=\"font-family: helvetica; font-size: 10pt;\">Als einer von sechs Modellversuchen der F\u00f6rderlinie III des Bundesinstitutes f\u00fcr Berufsbildung (BIBB) ist das Verbundprojekt &#8222;NachLeben&#8220; in den F\u00f6rderschwerpunkt &#8222;Berufsbildung f\u00fcr nachhaltige Entwicklung 2015-2019&#8220; eingebunden. Dieser wird im Rahmen des UNESCO-Weltaktionsprogramms &#8222;Bildung f\u00fcr nachhaltige Entwicklung&#8220; (BNE) vom Bundesministerium f\u00fcr Bildung und Forschung (BMBF) gef\u00f6rdert.<\/span><\/p><p><span style=\"font-size: 10pt;\"><span style=\"font-family: helvetica;\">Die Materialien aus allen Modellversuchen findet ihr zusammengefasst auf den Seiten des <a href=\"https:\/\/www.bibb.de\/de\/85132.php\" target=\"_blank\" rel=\"noopener\">BiBB<\/a>, <\/span><span style=\"font-family: helvetica;\">so zum Beispiel auch unseren <a href=\"https:\/\/www.bibb.de\/dokumente\/video\/Podcast_NachLeben_09.mp3\" target=\"_blank\" rel=\"noopener\">Podcast<\/a> zu den Auswirkungen der Corona-Pandemie auf unseren Modellversuch.<\/span><\/span><\/p><p><span style=\"font-family: helvetica; font-size: 10pt;\">Der Transfer ausgew\u00e4hlter Ergebnisse aus den Modellversuchen, wird \u00fcber den F\u00f6rderschwerpunkt <a href=\"https:\/\/www.bibb.de\/de\/121439.php\" target=\"_blank\" rel=\"noopener\">BBNE-Transfer 2020-2022<\/a> sichergestellt. NachLeben ist dabei im Projekt NachDenkEr eingebunden.<\/span><\/p><p><span style=\"font-size: 18pt; color: black;\">Publikationen<\/span><\/p><p><span style=\"font-size: 10pt;\">Vieback, L., Br\u00e4mer, S., Sch\u00fc\u00dfler, P. &amp; Malmquist, T. (2020). Nachhaltigkeit in den Lebensmittelberufen: digitale, situierte Lehr-Lernarrangements zur F\u00f6rderung der Bewertungs-. Gestaltungs- und Systemkompetenz innerhalb der betrieblichen Aus- und Weiterbildung. In: Digitale Arbeit, digitaler Wandel, digitaler Mensch? 66. Kongress der Gesellschaft f\u00fcr Arbeitswissenschaft : 16. &#8211; 18. M\u00e4rz 2020, Berlin &#8211; Dortmund: GfA, Gesellschaft f\u00fcr Arbeitswissenschaft e.V., 2020, 2020, Art. C.8.7<\/span><\/p><p><span style=\"font-size: 10pt;\">Vieback, L., Br\u00e4mer, S., Hagendorf, T., Folkens, L., Herzog, MA. &amp; B\u00fcnning, F. (2020). Situierte Lehr-Lernarrangements zur F\u00f6rderung von Nachhaltigkeitskompetenzen in der betrieblichen Ausbildung von Lebensmittelberufen. In: HiBiFo \u2013 Haushalt in Bildung &amp; Forschung: Gesundheit, Umwelt, Zusammenleben, Verbraucherfragen, Schule, Beruf &#8211; Leverkusen: Barbara Budrich, 3-2020, S. 48-64. <a href=\"https:\/\/doi.org\/10.3224\/hibifo.v9i3.04\">https:\/\/doi.org\/10.3224\/hibifo.v9i3.04<\/a><\/span><\/p><p><span style=\"font-size: 10pt;\">Vieback, L., Folkens, L. &amp; Br\u00e4mer, S. (2020). Nachhaltiges Denken und Handeln im betrieblichen Teil der Berufsausbildung. Gestaltungsorientierte Ans\u00e4tze zur Entwicklung eines Nachhaltigkeitsbewusstseins bei Auszubildenden der Lebensmittelindustrie.<\/span><\/p><\/div>\n\t\t\t\t<\/div>\n\t\t\t\t<\/div>\n\t\t\t\t\t<\/div>\n\t\t<\/div>\n\t\t\t\t\t\t\t<\/div>\n\t\t<\/section>\n\t\t\t\t<section class=\"elementor-section elementor-top-section elementor-element elementor-element-26a891b elementor-section-boxed elementor-section-height-default elementor-section-height-default\" data-id=\"26a891b\" data-element_type=\"section\">\n\t\t\t\t\t\t<div class=\"elementor-container elementor-column-gap-default\">\n\t\t\t\t\t<div class=\"elementor-column elementor-col-100 elementor-top-column elementor-element elementor-element-3b3f4f2\" data-id=\"3b3f4f2\" data-element_type=\"column\">\n\t\t\t<div class=\"elementor-widget-wrap elementor-element-populated\">\n\t\t\t\t\t\t\t\t<div class=\"elementor-element elementor-element-e903368 elementor-widget elementor-widget-image\" data-id=\"e903368\" data-element_type=\"widget\" data-widget_type=\"image.default\">\n\t\t\t\t<div class=\"elementor-widget-container\">\n\t\t\t\t\t<div class=\"elementor-image\">\n\t\t\t\t\t\t\t\t\t\t<img width=\"525\" height=\"349\" src=\"https:\/\/nachleben.net\/wp-content\/uploads\/2021\/04\/HS_MD_Forschungsmagazin-2985-1024x681.jpg\" class=\"attachment-large size-large\" alt=\"\" loading=\"lazy\" srcset=\"https:\/\/nachleben.net\/wp-content\/uploads\/2021\/04\/HS_MD_Forschungsmagazin-2985-1024x681.jpg 1024w, https:\/\/nachleben.net\/wp-content\/uploads\/2021\/04\/HS_MD_Forschungsmagazin-2985-300x200.jpg 300w, https:\/\/nachleben.net\/wp-content\/uploads\/2021\/04\/HS_MD_Forschungsmagazin-2985-768x511.jpg 768w, https:\/\/nachleben.net\/wp-content\/uploads\/2021\/04\/HS_MD_Forschungsmagazin-2985-1536x1022.jpg 1536w, https:\/\/nachleben.net\/wp-content\/uploads\/2021\/04\/HS_MD_Forschungsmagazin-2985-2048x1363.jpg 2048w\" sizes=\"100vw\" \/>\t\t\t\t\t\t\t\t\t\t\t<\/div>\n\t\t\t\t<\/div>\n\t\t\t\t<\/div>\n\t\t\t\t\t<\/div>\n\t\t<\/div>\n\t\t\t\t\t\t\t<\/div>\n\t\t<\/section>\n\t\t\t\t<section class=\"elementor-section elementor-top-section elementor-element elementor-element-f48bde0 elementor-section-boxed elementor-section-height-default elementor-section-height-default\" data-id=\"f48bde0\" data-element_type=\"section\">\n\t\t\t\t\t\t<div class=\"elementor-container elementor-column-gap-default\">\n\t\t\t\t\t<div class=\"elementor-column elementor-col-100 elementor-top-column elementor-element elementor-element-eae678f\" data-id=\"eae678f\" data-element_type=\"column\">\n\t\t\t<div class=\"elementor-widget-wrap elementor-element-populated\">\n\t\t\t\t\t\t\t\t<div class=\"elementor-element elementor-element-f699688 elementor-widget elementor-widget-text-editor\" data-id=\"f699688\" data-element_type=\"widget\" data-widget_type=\"text-editor.default\">\n\t\t\t\t<div class=\"elementor-widget-container\">\n\t\t\t\t\t<div class=\"elementor-text-editor elementor-clearfix\"><p><span style=\"font-family: helvetica; font-size: 10pt;\">\u00a9 Matthias Sasse<\/span><\/p><\/div>\n\t\t\t\t<\/div>\n\t\t\t\t<\/div>\n\t\t\t\t\t<\/div>\n\t\t<\/div>\n\t\t\t\t\t\t\t<\/div>\n\t\t<\/section>\n\t\t\t\t\t\t<\/div>\n\t\t\t\t\t<\/div>\n\t\t","protected":false},"excerpt":{"rendered":"<p>Als einer von sechs Modellversuchen der F\u00f6rderlinie III des Bundesinstitutes f\u00fcr Berufsbildung (BIBB) ist das Verbundprojekt &#8222;NachLeben&#8220; in den F\u00f6rderschwerpunkt &#8222;Berufsbildung f\u00fcr nachhaltige Entwicklung 2015-2019&#8220; eingebunden. Dieser wird im Rahmen des UNESCO-Weltaktionsprogramms &#8222;Bildung f\u00fcr nachhaltige Entwicklung&#8220; (BNE) vom Bundesministerium f\u00fcr Bildung und Forschung (BMBF) gef\u00f6rdert. Die Materialien aus allen Modellversuchen findet ihr zusammengefasst auf den &hellip; <\/p>\n<p class=\"link-more\"><a href=\"https:\/\/nachleben.net\/?page_id=18\" class=\"more-link\"><span class=\"screen-reader-text\">\u201eTransfer\u201c<\/span> weiterlesen<\/a><\/p>\n","protected":false},"author":3,"featured_media":0,"parent":0,"menu_order":0,"comment_status":"closed","ping_status":"closed","template":"","meta":[],"_links":{"self":[{"href":"https:\/\/nachleben.net\/index.php?rest_route=\/wp\/v2\/pages\/18"}],"collection":[{"href":"https:\/\/nachleben.net\/index.php?rest_route=\/wp\/v2\/pages"}],"about":[{"href":"https:\/\/nachleben.net\/index.php?rest_route=\/wp\/v2\/types\/page"}],"author":[{"embeddable":true,"href":"https:\/\/nachleben.net\/index.php?rest_route=\/wp\/v2\/users\/3"}],"replies":[{"embeddable":true,"href":"https:\/\/nachleben.net\/index.php?rest_route=%2Fwp%2Fv2%2Fcomments&post=18"}],"version-history":[{"count":43,"href":"https:\/\/nachleben.net\/index.php?rest_route=\/wp\/v2\/pages\/18\/revisions"}],"predecessor-version":[{"id":428,"href":"https:\/\/nachleben.net\/index.php?rest_route=\/wp\/v2\/pages\/18\/revisions\/428"}],"wp:attachment":[{"href":"https:\/\/nachleben.net\/index.php?rest_route=%2Fwp%2Fv2%2Fmedia&parent=18"}],"curies":[{"name":"wp","href":"https:\/\/api.w.org\/{rel}","templated":true}]}}